hat is the units digit of 9492569?
9
What is the ten millions digit of 17617969?
1
What is the units digit of 36935?
5
What is the thousands digit of 3436150?
6
What is the hundred thousands digit of 824030?
8
What is the millions digit of 6517481?
6
What is the ten thousands digit of 4359108?
5
What is the hundreds digit of 427108?
1
What is the millions digit of 4463354?
4
What is the hundred thousands digit of 117757?
1
What is the thousands digit of 162064?
2
What is the tens digit of 18485828?
2
What is the units digit of 18640073?
3
What is the units digit of 1117650?
0
What is the units digit of 274783?
3
What is the thousands digit of 4354115?
4
What is the hundred thousands digit of 9369100?
3
What is the ten thousands digit of 9251883?
5
What is the ten thousands digit of 8791647?
9
What is the units digit of 261646?
6
What is the hundred thousands digit of 3116901?
1
What is the hundred thousands digit of 8625262?
6
What is the hundred thousands digit of 1338058?
3
What is the hundred thousands digit of 326382?
3
What is the thousands digit of 27783102?
3
What is the ten thousands digit of 19388283?
8
What is the units digit of 678159?
9
What is the units digit of 19011102?
2
What is the hundreds digit of 1168420?
4
What is the hundreds digit of 1898700?
7
What is the hundreds digit of 32471?
4
What is the hundred thousands digit of 1320326?
3
What is the millions digit of 1166271?
1
What is the thousands digit of 4436300?
6
What is the thousands digit of 198542?
8
What is the tens digit of 22877?
7
What is the ten thousands digit of 43932?
4
What is the millions digit of 1783344?
1
What is the hundred thousands digit of 5563246?
5
What is the tens digit of 553167?
6
What is the hundred thousands digit of 13171062?
1
What is the thousands digit of 29095615?
5
What is the tens digit of 2368939?
3
What is the units digit of 2036591?
1
What is the ten thousands digit of 89878?
8
What is the tens digit of 1255506?
0
What is the thousands digit of 2758923?
8
What is the tens digit of 108636?
3
What is the ten thousands digit of 54279?
5
What is the ten thousands digit of 527281?
2
What is the thousands digit of 4122614?
2
What is the units digit of 18460574?
4
What is the ten thousands digit of 6797750?
9
What is the units digit of 7922447?
7
What is the units digit of 8690?
0
What is the thousands digit of 3366001?
6
What is the ten thousands digit of 162605?
6
What is the hundreds digit of 1065285?
2
What is the hundreds digit of 7647643?
6
What is the tens digit of 113086?
8
What is the units digit of 2909738?
8
What is the hundred thousands digit of 1163902?
1
What is the thousands digit of 133563?
3
What is the ten millions digit of 35511240?
3
What is the thousands digit of 1992771?
2
What is the millions digit of 3369430?
3
What is the units digit of 6503559?
9
What is the hundred thousands digit of 4173432?
1
What is the ten thousands digit of 2832255?
3
What is the units digit of 152327?
7
What is the units digit of 11495?
5
What is the hundred thousands digit of 17714139?
7
What is the thousands digit of 74581?
4
What is the hundred thousands digit of 536254?
5
What is the ten thousands digit of 1651199?
5
What is the millions digit of 1137883?
1
What is the units digit of 4885768?
8
What is the thousands digit of 379691?
9
What is the units digit of 2331042?
2
What is the units digit of 1257278?
8
What is the thousands digit of 26687825?
7
What is the ten thousands digit of 3050789?
5
What is the ten thousands digit of 5481601?
8
What is the thousands digit of 123084?
3
What is the hundreds digit of 1980130?
1
What is the thousands digit of 103979?
3
What is the ten thousands digit of 26548?
2
What is the units digit of 119955?
5
What is the hundred thousands digit of 19854075?
8
What is the thousands digit of 8769396?
9
What is the hundreds digit of 6401554?
5
What is the hundred thousands digit of 3879224?
8
What is the hundreds digit of 1766446?
4
What is the hundreds digit of 680243?
2
What is the thousands digit of 553745?
3
What is the hundreds digit of 9363134?
1
What is the millions digit of 1652003?
1
What is the units digit of 229897?
7
What is the hundred thousands digit of 1048244?
0
What is the hundreds digit of 61411?
4
What is the thousands digit of 158068?
8
What is the thousands digit of 109174?
9
What is the tens digit of 265962?
6
What is the millions digit of 5269970?
5
What is the units digit of 205746?
6
What is the millions digit of 22606452?
2
What is the hundred thousands digit of 1360438?
3
What is the ten thousands digit of 343399?
4
What is the ten thousands digit of 18185925?
8
What is the tens digit of 61173?
7
What is the ten thousands digit of 272641?
7
What is the thousands digit of 30303861?
3
What is the ten thousands digit of 1213009?
1
What is the tens digit of 90720?
2
What is the hundreds digit of 17585807?
8
What is the hundreds digit of 4310714?
7
What is the units digit of 334213?
3
What is the ten thousands digit of 13340633?
4
What is the units digit of 490612?
2
What is the ten thousands digit of 3013789?
1
What is the ten millions digit of 43675383?
4
What is the hundreds digit of 110866?
8
What is the hundred thousands digit of 700420?
7
What is the millions digit of 1632018?
1
What is the hundred thousands digit of 3883645?
8
What is the units digit of 664555?
5
What is the thousands digit of 3800397?
0
What is the tens digit of 59387?
8
What is the hundreds digit of 1942531?
5
What is the thousands digit of 736980?
6
What is the thousands digit of 6078733?
8
What is the hundred thousands digit of 306594?
3
What is the thousands digit of 354758?
4
What is the thousands digit of 16970124?
0
What is the ten thousands digit of 332407?
3
What is the millions digit of 18483302?
8
What is the units digit of 4914907?
7
What is the millions digit of 1188392?
1
What is the ten thousands digit of 3314301?
1
What is the hundreds digit of 257091?
0
What is the hundred thousands digit of 956614?
9
What is the hundreds digit of 15732541?
5
What is the thousands digit of 64758?
4
What is the units digit of 433606?
6
What is the thousands digit of 2028848?
8
What is the tens digit of 557778?
7
What is the tens digit of 226772?
7
What is the thousands digit of 104970?
4
What is the hundred thousands digit of 139076?
1
What is the hundred thousands digit of 233191?
2
What is the hundred thousands digit of 226557?
2
What is the hundreds digit of 550120?
1
What is the ten thousands digit of 716189?
1
What is the hundreds digit of 153600?
6
What is the units digit of 8746936?
6
What is the hundreds digit of 413488?
4
What is the units digit of 522047?
7
What is the units digit of 380301?
1
What is the hundred thousands digit of 6141626?
1
What is the hundreds digit of 1453441?
4
What is the tens digit of 18233671?
7
What is the millions digit of 7270663?
7
What is the hundred thousands digit of 169222?
1
What is the ten thousands digit of 548055?
4
What is the ten thousands digit of 7367025?
6
What is the hundreds digit of 75371?
3
What is the hundreds digit of 967214?
2
What is the ten thousands digit of 5366563?
6
What is the hundred thousands digit of 1074036?
0
What is the ten millions digit of 19187384?
1
What is the hundreds digit of 31737?
7
What is the millions digit of 14847176?
4
What is the units digit of 4874639?
9
What is the hundreds digit of 209062?
0
What is the millions digit of 4509594?
4
What is the hundred thousands digit of 474659?
4
What is the ten thousands digit of 446701?
4
What is the tens digit of 451747?
4
What is the tens digit of 27666?
6
What is the tens digit of 680519?
1
What is the hundreds digit of 1373596?
5
What is the hundred thousands digit of 961232?
9
What is the ten thousands digit of 673106?
7
What is the hundreds digit of 4133026?
0
What is the units digit of 421241?
1
What is the ten thousands digit of 64560?
6
What is the millions digit of 11214122?
1
What is the hundred thousands digit of 5208130?
2
What is the hundred thousands digit of 6558193?
5
What is the units digit of 2461902?
2
What is the tens digit of 412234?
3
What is the hundred thousands digit of 837715?
8
What is the thousands digit of 41766?
1
What is the hundred thousands digit of 74